[INFO] fetching crate sc-executor 0.8.0-rc6...
[INFO] checking sc-executor-0.8.0-rc6 against master#af3c6e733a40e671550e0f0f5aeecaa13772ba56 for pr-74989
[INFO] extracting crate sc-executor 0.8.0-rc6 into /workspace/builds/worker-3/source
[INFO] validating manifest of crates.io crate sc-executor 0.8.0-rc6 on toolchain af3c6e733a40e671550e0f0f5aeecaa13772ba56
[INFO] running `Command { std: "/workspace/cargo-home/bin/cargo" "+af3c6e733a40e671550e0f0f5aeecaa13772ba56" "read-manifest" "--manifest-path" "Cargo.toml", kill_on_drop: false }`
[INFO] started tweaking crates.io crate sc-executor 0.8.0-rc6
[INFO] finished tweaking crates.io crate sc-executor 0.8.0-rc6
[INFO] tweaked toml for crates.io crate sc-executor 0.8.0-rc6 written to /workspace/builds/worker-3/source/Cargo.toml
[INFO] running `Command { std: "/workspace/cargo-home/bin/cargo" "+af3c6e733a40e671550e0f0f5aeecaa13772ba56" "generate-lockfile" "--manifest-path" "Cargo.toml" "-Zno-index-update", kill_on_drop: false }`
[INFO] running `Command { std: "/workspace/cargo-home/bin/cargo" "+af3c6e733a40e671550e0f0f5aeecaa13772ba56" "fetch" "--locked" "--manifest-path" "Cargo.toml", kill_on_drop: false }`
[INFO] running `Command { std: "docker" "create" "-v" "/var/lib/crater-agent-workspace/builds/worker-3/target:/opt/rustwide/target:rw,Z" "-v" "/var/lib/crater-agent-workspace/builds/worker-3/source:/opt/rustwide/workdir:ro,Z" "-v" "/var/lib/crater-agent-workspace/cargo-home:/opt/rustwide/cargo-home:ro,Z" "-v" "/var/lib/crater-agent-workspace/rustup-home:/opt/rustwide/rustup-home:ro,Z" "-e" "SOURCE_DIR=/opt/rustwide/workdir" "-e" "CARGO_TARGET_DIR=/opt/rustwide/target" "-e" "CARGO_HOME=/opt/rustwide/cargo-home" "-e" "RUSTUP_HOME=/opt/rustwide/rustup-home" "-w" "/opt/rustwide/workdir" "-m" "1610612736" "--user" "0:0" "--network" "none" "rustops/crates-build-env@sha256:d92eaeed33fa75130ca1ee6c8a01d1ffb62bac859dfdfb3450e3e5d1c0146529" "/opt/rustwide/cargo-home/bin/cargo" "+af3c6e733a40e671550e0f0f5aeecaa13772ba56" "metadata" "--no-deps" "--format-version=1", kill_on_drop: false }`
[INFO] [stdout] 3a0291439385f8a6710852824c13f4fbafed0803ba8a3b6c3a063f4cb01e2c26
[INFO] [stderr] WARNING: Your kernel does not support swap limit capabilities or the cgroup is not mounted. Memory limited without swap.
[INFO] running `Command { std: "docker" "start" "-a" "3a0291439385f8a6710852824c13f4fbafed0803ba8a3b6c3a063f4cb01e2c26", kill_on_drop: false }`
[INFO] running `Command { std: "docker" "inspect" "3a0291439385f8a6710852824c13f4fbafed0803ba8a3b6c3a063f4cb01e2c26", kill_on_drop: false }`
[INFO] running `Command { std: "docker" "rm" "-f" "3a0291439385f8a6710852824c13f4fbafed0803ba8a3b6c3a063f4cb01e2c26", kill_on_drop: false }`
[INFO] [stdout] 3a0291439385f8a6710852824c13f4fbafed0803ba8a3b6c3a063f4cb01e2c26
[INFO] running `Command { std: "docker" "create" "-v" "/var/lib/crater-agent-workspace/builds/worker-3/target:/opt/rustwide/target:rw,Z" "-v" "/var/lib/crater-agent-workspace/builds/worker-3/source:/opt/rustwide/workdir:ro,Z" "-v" "/var/lib/crater-agent-workspace/cargo-home:/opt/rustwide/cargo-home:ro,Z" "-v" "/var/lib/crater-agent-workspace/rustup-home:/opt/rustwide/rustup-home:ro,Z" "-e" "SOURCE_DIR=/opt/rustwide/workdir" "-e" "CARGO_TARGET_DIR=/opt/rustwide/target" "-e" "CARGO_INCREMENTAL=0" "-e" "RUST_BACKTRACE=full" "-e" "RUSTFLAGS=--cap-lints=forbid" "-e" "CARGO_HOME=/opt/rustwide/cargo-home" "-e" "RUSTUP_HOME=/opt/rustwide/rustup-home" "-w" "/opt/rustwide/workdir" "-m" "1610612736" "--user" "0:0" "--network" "none" "rustops/crates-build-env@sha256:d92eaeed33fa75130ca1ee6c8a01d1ffb62bac859dfdfb3450e3e5d1c0146529" "/opt/rustwide/cargo-home/bin/cargo" "+af3c6e733a40e671550e0f0f5aeecaa13772ba56" "check" "--frozen" "--all" "--all-targets" "--message-format=json", kill_on_drop: false }`
[INFO] [stdout] ac59aee5cb5d8dd7bf39e9d0c52b198ee12719022ef9849798a744b8fa9fdaaf
[INFO] [stderr] WARNING: Your kernel does not support swap limit capabilities or the cgroup is not mounted. Memory limited without swap.
[INFO] running `Command { std: "docker" "start" "-a" "ac59aee5cb5d8dd7bf39e9d0c52b198ee12719022ef9849798a744b8fa9fdaaf", kill_on_drop: false }`
[INFO] [stderr]    Compiling proc-macro2 v1.0.21
[INFO] [stderr]    Compiling unicode-xid v0.2.1
[INFO] [stderr]    Compiling syn v1.0.40
[INFO] [stderr]     Checking cfg-if v0.1.10
[INFO] [stderr]    Compiling libc v0.2.77
[INFO] [stderr]    Compiling serde_derive v1.0.116
[INFO] [stderr]    Compiling serde v1.0.116
[INFO] [stderr]    Compiling autocfg v1.0.1
[INFO] [stderr]    Compiling typenum v1.12.0
[INFO] [stderr]    Compiling getrandom v0.1.15
[INFO] [stderr]    Compiling byteorder v1.3.4
[INFO] [stderr]     Checking smallvec v1.4.2
[INFO] [stderr]     Checking ppv-lite86 v0.2.9
[INFO] [stderr]    Compiling memchr v2.3.3
[INFO] [stderr]     Checking scopeguard v1.1.0
[INFO] [stderr]     Checking either v1.6.0
[INFO] [stderr]     Checking arrayvec v0.5.1
[INFO] [stderr]     Checking radium v0.3.0
[INFO] [stderr]    Compiling crunchy v0.2.2
[INFO] [stderr]     Checking byte-slice-cast v0.3.5
[INFO] [stderr]     Checking instant v0.1.6
[INFO] [stderr]    Compiling version_check v0.9.2
[INFO] [stderr]     Checking subtle v1.0.0
[INFO] [stderr]     Checking byte-tools v0.3.1
[INFO] [stderr]     Checking rustc-hex v2.1.0
[INFO] [stderr]     Checking lazy_static v1.4.0
[INFO] [stderr]    Compiling arrayvec v0.4.12
[INFO] [stderr]    Compiling proc-macro-hack v0.5.18
[INFO] [stderr]     Checking static_assertions v1.1.0
[INFO] [stderr]    Compiling pin-project-internal v0.4.23
[INFO] [stderr]     Checking subtle v2.3.0
[INFO] [stderr]     Checking gimli v0.22.0
[INFO] [stderr]    Compiling proc-macro-nested v0.1.6
[INFO] [stderr]     Checking adler v0.2.3
[INFO] [stderr]     Checking fake-simd v0.1.2
[INFO] [stderr]     Checking sp-std v2.0.0-rc6
[INFO] [stderr]     Checking opaque-debug v0.2.3
[INFO] [stderr]     Checking rustc-demangle v0.1.16
[INFO] [stderr]    Compiling regex-syntax v0.6.18
[INFO] [stderr]     Checking object v0.20.0
[INFO] [stderr]    Compiling failure_derive v0.1.8
[INFO] [stderr]     Checking ahash v0.3.8
[INFO] [stderr]     Checking futures-core v0.3.5
[INFO] [stderr]     Checking parity-wasm v0.41.0
[INFO] [stderr]    Compiling parity-util-mem v0.7.0
[INFO] [stderr]     Checking stable_deref_trait v1.2.0
[INFO] [stderr]     Checking pin-utils v0.1.0
[INFO] [stderr]     Checking hash-db v0.15.2
[INFO] [stderr]     Checking arrayref v0.3.6
[INFO] [stderr]     Checking slab v0.4.2
[INFO] [stderr]     Checking keccak v0.1.0
[INFO] [stderr]     Checking memory_units v0.3.0
[INFO] [stderr]     Checking signature v1.2.2
[INFO] [stderr]     Checking nodrop v0.1.14
[INFO] [stderr]     Checking opaque-debug v0.3.0
[INFO] [stderr]     Checking environmental v1.1.1
[INFO] [stderr]    Compiling tiny-keccak v2.0.2
[INFO] [stderr]     Checking cpuid-bool v0.1.2
[INFO] [stderr]     Checking tinyvec v0.3.4
[INFO] [stderr]     Checking constant_time_eq v0.1.5
[INFO] [stderr]     Checking rustc-hash v1.1.0
[INFO] [stderr]     Checking dyn-clone v1.0.2
[INFO] [stderr]     Checking base58 v0.1.0
[INFO] [stderr]     Checking hex v0.4.2
[INFO] [stderr]    Compiling ryu v1.0.5
[INFO] [stderr]    Compiling serde_json v1.0.57
[INFO] [stderr]     Checking itoa v0.4.6
[INFO] [stderr]     Checking lock_api v0.4.1
[INFO] [stderr]     Checking lock_api v0.3.4
[INFO] [stderr]     Checking itertools v0.9.0
[INFO] [stderr]     Checking bitvec v0.17.4
[INFO] [stderr]     Checking block-padding v0.1.5
[INFO] [stderr]     Checking tracing-core v0.1.16
[INFO] [stderr]     Checking thread_local v1.0.1
[INFO] [stderr]     Checking miniz_oxide v0.4.1
[INFO] [stderr]    Compiling num-traits v0.2.12
[INFO] [stderr]    Compiling num-integer v0.1.43
[INFO] [stderr]    Compiling num-bigint v0.2.6
[INFO] [stderr]    Compiling num-rational v0.2.4
[INFO] [stderr]    Compiling hashbrown v0.8.2
[INFO] [stderr]     Checking futures-channel v0.3.5
[INFO] [stderr]    Compiling generic-array v0.14.4
[INFO] [stderr]     Checking trie-root v0.16.0
[INFO] [stderr]     Checking ed25519 v1.0.2
[INFO] [stderr]     Checking unicode-normalization v0.1.13
[INFO] [stderr]     Checking log v0.4.11
[INFO] [stderr]    Compiling paste-impl v0.1.18
[INFO] [stderr]     Checking hash256-std-hasher v0.15.2
[INFO] [stderr]     Checking aho-corasick v0.7.13
[INFO] [stderr]     Checking wasmi-validation v0.3.0
[INFO] [stderr]     Checking uint v0.8.5
[INFO] [stderr]     Checking blake2-rfc v0.2.18
[INFO] [stderr]    Compiling quote v1.0.7
[INFO] [stderr]     Checking parking_lot_core v0.8.0
[INFO] [stderr]     Checking parking_lot_core v0.7.2
[INFO] [stderr]     Checking num_cpus v1.13.0
[INFO] [stderr]     Checking rand_core v0.5.1
[INFO] [stderr]     Checking addr2line v0.13.0
[INFO] [stderr]     Checking trie-db v0.22.1
[INFO] [stderr]     Checking parking_lot v0.11.0
[INFO] [stderr]     Checking generic-array v0.12.3
[INFO] [stderr]     Checking paste v0.1.18
[INFO] [stderr]     Checking parking_lot v0.10.2
[INFO] [stderr]     Checking rand_pcg v0.2.1
[INFO] [stderr]     Checking rand_chacha v0.2.2
[INFO] [stderr]    Compiling regex v1.3.9
[INFO] [stderr]     Checking once_cell v1.4.1
[INFO] [stderr]     Checking integer-sqrt v0.1.5
[INFO] [stderr]     Checking digest v0.8.1
[INFO] [stderr]     Checking crypto-mac v0.7.0
[INFO] [stderr]     Checking block-buffer v0.7.3
[INFO] [stderr]     Checking rand v0.7.3
[INFO] [stderr]     Checking pbkdf2 v0.3.0
[INFO] [stderr]     Checking futures-task v0.3.5
[INFO] [stderr]     Checking hmac v0.7.1
[INFO] [stderr]     Checking digest v0.9.0
[INFO] [stderr]     Checking block-buffer v0.9.0
[INFO] [stderr]     Checking sha2 v0.8.2
[INFO] [stderr]     Checking hmac-drbg v0.2.0
[INFO] [stderr]     Checking sha2 v0.9.1
[INFO] [stderr]     Checking backtrace v0.3.50
[INFO] [stderr]    Compiling Inflector v0.11.4
[INFO] [stderr]     Checking sp-panic-handler v2.0.0-rc6
[INFO] [stderr]     Checking fixed-hash v0.6.1
[INFO] [stderr]     Checking twox-hash v1.5.0
[INFO] [stderr]     Checking libsecp256k1 v0.3.5
[INFO] [stderr]     Checking wasmi v0.6.2
[INFO] [stderr]    Compiling synstructure v0.12.4
[INFO] [stderr]    Compiling zeroize_derive v1.0.0
[INFO] [stderr]    Compiling impl-trait-for-tuples v0.1.3
[INFO] [stderr]    Compiling ref-cast-impl v1.0.2
[INFO] [stderr]    Compiling sp-debug-derive v2.0.0-rc6
[INFO] [stderr]    Compiling rental-impl v0.5.5
[INFO] [stderr]    Compiling futures-macro v0.3.5
[INFO] [stderr]    Compiling tracing-attributes v0.1.11
[INFO] [stderr]    Compiling parity-util-mem-derive v0.1.0
[INFO] [stderr]    Compiling dyn-clonable-impl v0.9.0
[INFO] [stderr]    Compiling derive_more v0.99.10
[INFO] [stderr]     Checking dyn-clonable v0.9.0
[INFO] [stderr]     Checking ref-cast v1.0.2
[INFO] [stderr]     Checking zeroize v1.1.0
[INFO] [stderr]     Checking failure v0.1.8
[INFO] [stderr]     Checking curve25519-dalek v2.1.0
[INFO] [stderr]     Checking merlin v2.0.0
[INFO] [stderr]     Checking curve25519-dalek v3.0.0
[INFO] [stderr]     Checking secrecy v0.6.0
[INFO] [stderr]     Checking tiny-bip39 v0.7.3
[INFO] [stderr]     Checking tracing v0.1.19
[INFO] [stderr]     Checking schnorrkel v0.9.1
[INFO] [stderr]     Checking pin-project v0.4.23
[INFO] [stderr]     Checking futures-util v0.3.5
[INFO] [stderr]     Checking substrate-bip39 v0.4.2
[INFO] [stderr]     Checking futures-executor v0.3.5
[INFO] [stderr]     Checking futures v0.3.5
[INFO] [stderr]     Checking rental v0.5.5
[INFO] [stderr]     Checking sp-tracing v2.0.0-rc6
[INFO] [stderr]     Checking impl-serde v0.3.1
[INFO] [stderr]     Checking impl-serde v0.2.3
[INFO] [stderr]     Checking ed25519-dalek v1.0.0
[INFO] [stderr]    Compiling toml v0.5.6
[INFO] [stderr]     Checking sp-serializer v2.0.0-rc6
[INFO] [stderr]    Compiling proc-macro-crate v0.1.5
[INFO] [stderr]    Compiling parity-scale-codec-derive v1.2.2
[INFO] [stderr]    Compiling sp-runtime-interface-proc-macro v2.0.0-rc6
[INFO] [stderr]    Compiling sp-api-proc-macro v2.0.0-rc6
[INFO] [stderr]     Checking parity-scale-codec v1.3.5
[INFO] [stderr]     Checking impl-codec v0.4.2
[INFO] [stderr]     Checking sp-storage v2.0.0-rc6
[INFO] [stderr]     Checking sp-wasm-interface v2.0.0-rc6
[INFO] [stderr]     Checking sp-arithmetic v2.0.0-rc6
[INFO] [stderr]     Checking primitive-types v0.7.2
[INFO] [stderr]     Checking sp-externalities v0.8.0-rc6
[INFO] [stderr]     Checking sp-runtime-interface v2.0.0-rc6
[INFO] [stderr]     Checking memory-db v0.24.1
[INFO] [stderr]     Checking sp-core v2.0.0-rc6
[INFO] [stderr]     Checking sp-trie v2.0.0-rc6
[INFO] [stderr]     Checking sp-inherents v2.0.0-rc6
[INFO] [stderr]     Checking sp-allocator v2.0.0-rc6
[INFO] [stderr]     Checking sc-executor-common v0.8.0-rc6
[INFO] [stderr]     Checking sp-state-machine v0.8.0-rc6
[INFO] [stderr]     Checking sc-executor-wasmi v0.8.0-rc6
[INFO] [stderr]     Checking sp-io v2.0.0-rc6
[INFO] [stderr]     Checking sp-application-crypto v2.0.0-rc6
[INFO] [stderr]     Checking sp-runtime v2.0.0-rc6
[INFO] [stderr]     Checking sp-version v2.0.0-rc6
[INFO] [stderr]     Checking sp-api v2.0.0-rc6
[INFO] [stderr]     Checking sc-executor v0.8.0-rc6 (/opt/rustwide/workdir)
[INFO] [stdout] error[E0432]: unresolved import `substrate_test_runtime`
[INFO] [stdout]    --> src/wasm_runtime.rs:372:6
[INFO] [stdout]     |
[INFO] [stdout] 372 |     use substrate_test_runtime::Block;
[INFO] [stdout]     |         ^^^^^^^^^^^^^^^^^^^^^^ use of undeclared type or module `substrate_test_runtime`
[INFO] [stdout] 
[INFO] [stdout] 
[INFO] [stdout] error[E0432]: unresolved import `sc_runtime_test`
[INFO] [stdout]   --> src/lib.rs:68:6
[INFO] [stdout]    |
[INFO] [stdout] 68 |     use sc_runtime_test::wasm_binary_unwrap;
[INFO] [stdout]    |         ^^^^^^^^^^^^^^^ use of undeclared type or module `sc_runtime_test`
[INFO] [stdout] 
[INFO] [stdout] 
[INFO] [stdout] error[E0432]: unresolved import `test_case`
[INFO] [stdout]   --> src/integration_tests/sandbox.rs:23:5
[INFO] [stdout]    |
[INFO] [stdout] 23 | use test_case::test_case;
[INFO] [stdout]    |     ^^^^^^^^^ use of undeclared type or module `test_case`
[INFO] [stdout] 
[INFO] [stdout] 
[INFO] [stdout] error[E0432]: unresolved import `wabt`
[INFO] [stdout]   --> src/integration_tests/sandbox.rs:24:5
[INFO] [stdout]    |
[INFO] [stdout] 24 | use wabt;
[INFO] [stdout]    |     ^^^^ no `wabt` external crate
[INFO] [stdout] 
[INFO] [stdout] 
[INFO] [stdout] error[E0432]: unresolved import `hex_literal`
[INFO] [stdout]   --> src/integration_tests/mod.rs:21:5
[INFO] [stdout]    |
[INFO] [stdout] 21 | use hex_literal::hex;
[INFO] [stdout]    |     ^^^^^^^^^^^ use of undeclared type or module `hex_literal`
[INFO] [stdout] 
[INFO] [stdout] 
[INFO] [stdout] error[E0432]: unresolved import `sc_runtime_test`
[INFO] [stdout]   --> src/integration_tests/mod.rs:27:5
[INFO] [stdout]    |
[INFO] [stdout] 27 | use sc_runtime_test::wasm_binary_unwrap;
[INFO] [stdout]    |     ^^^^^^^^^^^^^^^ use of undeclared type or module `sc_runtime_test`
[INFO] [stdout] 
[INFO] [stdout] 
[INFO] [stdout] error[E0432]: unresolved import `sp_state_machine`
[INFO] [stdout]   --> src/integration_tests/mod.rs:28:5
[INFO] [stdout]    |
[INFO] [stdout] 28 | use sp_state_machine::TestExternalities as CoreTestExternalities;
[INFO] [stdout]    |     ^^^^^^^^^^^^^^^^ use of undeclared type or module `sp_state_machine`
[INFO] [stdout] 
[INFO] [stdout] 
[INFO] [stdout] error[E0433]: failed to resolve: use of undeclared type or module `sp_runtime`
[INFO] [stdout]   --> src/integration_tests/mod.rs:32:5
[INFO] [stdout]    |
[INFO] [stdout] 32 | use sp_runtime::traits::BlakeTwo256;
[INFO] [stdout]    |     ^^^^^^^^^^ use of undeclared type or module `sp_runtime`
[INFO] [stdout] 
[INFO] [stdout] 
[INFO] [stdout] error[E0432]: unresolved import `test_case`
[INFO] [stdout]   --> src/integration_tests/mod.rs:29:5
[INFO] [stdout]    |
[INFO] [stdout] 29 | use test_case::test_case;
[INFO] [stdout]    |     ^^^^^^^^^ use of undeclared type or module `test_case`
[INFO] [stdout] 
[INFO] [stdout] 
[INFO] [stdout] error[E0432]: unresolved import `sc_tracing`
[INFO] [stdout]    --> src/integration_tests/mod.rs:665:6
[INFO] [stdout]     |
[INFO] [stdout] 665 |     use sc_tracing::{SpanDatum, TraceEvent};
[INFO] [stdout]     |         ^^^^^^^^^^ use of undeclared type or module `sc_tracing`
[INFO] [stdout] 
[INFO] [stdout] 
[INFO] [stdout] error: cannot determine resolution for the attribute macro `test_case`
[INFO] [stdout]   --> src/integration_tests/sandbox.rs:26:3
[INFO] [stdout]    |
[INFO] [stdout] 26 | #[test_case(WasmExecutionMethod::Interpreted)]
[INFO] [stdout]    |   ^^^^^^^^^
[INFO] [stdout]    |
[INFO] [stdout]    = note: import resolution is stuck, try simplifying macro imports
[INFO] [stdout] 
[INFO] [stdout] 
[INFO] [stdout] error: cannot determine resolution for the attribute macro `test_case`
[INFO] [stdout]   --> src/integration_tests/sandbox.rs:64:3
[INFO] [stdout]    |
[INFO] [stdout] 64 | #[test_case(WasmExecutionMethod::Interpreted)]
[INFO] [stdout]    |   ^^^^^^^^^
[INFO] [stdout]    |
[INFO] [stdout]    = note: import resolution is stuck, try simplifying macro imports
[INFO] [stdout] 
[INFO] [stdout] 
[INFO] [stdout] error: cannot determine resolution for the attribute macro `test_case`
[INFO] [stdout]   --> src/integration_tests/sandbox.rs:91:3
[INFO] [stdout]    |
[INFO] [stdout] 91 | #[test_case(WasmExecutionMethod::Interpreted)]
[INFO] [stdout]    |   ^^^^^^^^^
[INFO] [stdout]    |
[INFO] [stdout]    = note: import resolution is stuck, try simplifying macro imports
[INFO] [stdout] 
[INFO] [stdout] 
[INFO] [stdout] error: cannot determine resolution for the attribute macro `test_case`
[INFO] [stdout]    --> src/integration_tests/sandbox.rs:135:3
[INFO] [stdout]     |
[INFO] [stdout] 135 | #[test_case(WasmExecutionMethod::Interpreted)]
[INFO] [stdout]     |   ^^^^^^^^^
[INFO] [stdout]     |
[INFO] [stdout]     = note: import resolution is stuck, try simplifying macro imports
[INFO] [stdout] 
[INFO] [stdout] 
[INFO] [stdout] error: cannot determine resolution for the attribute macro `test_case`
[INFO] [stdout]    --> src/integration_tests/sandbox.rs:175:3
[INFO] [stdout]     |
[INFO] [stdout] 175 | #[test_case(WasmExecutionMethod::Interpreted)]
[INFO] [stdout]     |   ^^^^^^^^^
[INFO] [stdout]     |
[INFO] [stdout]     = note: import resolution is stuck, try simplifying macro imports
[INFO] [stdout] 
[INFO] [stdout] 
[INFO] [stdout] error: cannot determine resolution for the attribute macro `test_case`
[INFO] [stdout]    --> src/integration_tests/sandbox.rs:203:3
[INFO] [stdout]     |
[INFO] [stdout] 203 | #[test_case(WasmExecutionMethod::Interpreted)]
[INFO] [stdout]     |   ^^^^^^^^^
[INFO] [stdout]     |
[INFO] [stdout]     = note: import resolution is stuck, try simplifying macro imports
[INFO] [stdout] 
[INFO] [stdout] 
[INFO] [stdout] error: cannot determine resolution for the attribute macro `test_case`
[INFO] [stdout]    --> src/integration_tests/sandbox.rs:229:3
[INFO] [stdout]     |
[INFO] [stdout] 229 | #[test_case(WasmExecutionMethod::Interpreted)]
[INFO] [stdout]     |   ^^^^^^^^^
[INFO] [stdout]     |
[INFO] [stdout]     = note: import resolution is stuck, try simplifying macro imports
[INFO] [stdout] 
[INFO] [stdout] 
[INFO] [stdout] error: cannot determine resolution for the attribute macro `test_case`
[INFO] [stdout]    --> src/integration_tests/sandbox.rs:249:3
[INFO] [stdout]     |
[INFO] [stdout] 249 | #[test_case(WasmExecutionMethod::Interpreted)]
[INFO] [stdout]     |   ^^^^^^^^^
[INFO] [stdout]     |
[INFO] [stdout]     = note: import resolution is stuck, try simplifying macro imports
[INFO] [stdout] 
[INFO] [stdout] 
[INFO] [stdout] error: cannot determine resolution for the attribute macro `test_case`
[INFO] [stdout]    --> src/integration_tests/sandbox.rs:278:3
[INFO] [stdout]     |
[INFO] [stdout] 278 | #[test_case(WasmExecutionMethod::Interpreted)]
[INFO] [stdout]     |   ^^^^^^^^^
[INFO] [stdout]     |
[INFO] [stdout]     = note: import resolution is stuck, try simplifying macro imports
[INFO] [stdout] 
[INFO] [stdout] 
[INFO] [stdout] error: cannot determine resolution for the attribute macro `test_case`
[INFO] [stdout]    --> src/integration_tests/sandbox.rs:308:3
[INFO] [stdout]     |
[INFO] [stdout] 308 | #[test_case(WasmExecutionMethod::Interpreted)]
[INFO] [stdout]     |   ^^^^^^^^^
[INFO] [stdout]     |
[INFO] [stdout]     = note: import resolution is stuck, try simplifying macro imports
[INFO] [stdout] 
[INFO] [stdout] 
[INFO] [stdout] error: cannot determine resolution for the attribute macro `test_case`
[INFO] [stdout]   --> src/integration_tests/mod.rs:61:3
[INFO] [stdout]    |
[INFO] [stdout] 61 | #[test_case(WasmExecutionMethod::Interpreted)]
[INFO] [stdout]    |   ^^^^^^^^^
[INFO] [stdout]    |
[INFO] [stdout]    = note: import resolution is stuck, try simplifying macro imports
[INFO] [stdout] 
[INFO] [stdout] 
[INFO] [stdout] error: cannot determine resolution for the attribute macro `test_case`
[INFO] [stdout]   --> src/integration_tests/mod.rs:76:3
[INFO] [stdout]    |
[INFO] [stdout] 76 | #[test_case(WasmExecutionMethod::Interpreted)]
[INFO] [stdout]    |   ^^^^^^^^^
[INFO] [stdout]    |
[INFO] [stdout]    = note: import resolution is stuck, try simplifying macro imports
[INFO] [stdout] 
[INFO] [stdout] 
[INFO] [stdout] error: cannot determine resolution for the attribute macro `test_case`
[INFO] [stdout]    --> src/integration_tests/mod.rs:104:3
[INFO] [stdout]     |
[INFO] [stdout] 104 | #[test_case(WasmExecutionMethod::Interpreted)]
[INFO] [stdout]     |   ^^^^^^^^^
[INFO] [stdout]     |
[INFO] [stdout]     = note: import resolution is stuck, try simplifying macro imports
[INFO] [stdout] 
[INFO] [stdout] 
[INFO] [stdout] error: cannot determine resolution for the attribute macro `test_case`
[INFO] [stdout]    --> src/integration_tests/mod.rs:132:3
[INFO] [stdout]     |
[INFO] [stdout] 132 | #[test_case(WasmExecutionMethod::Interpreted)]
[INFO] [stdout]     |   ^^^^^^^^^
[INFO] [stdout]     |
[INFO] [stdout]     = note: import resolution is stuck, try simplifying macro imports
[INFO] [stdout] 
[INFO] [stdout] 
[INFO] [stdout] error: cannot determine resolution for the attribute macro `test_case`
[INFO] [stdout]    --> src/integration_tests/mod.rs:163:3
[INFO] [stdout]     |
[INFO] [stdout] 163 | #[test_case(WasmExecutionMethod::Interpreted)]
[INFO] [stdout]     |   ^^^^^^^^^
[INFO] [stdout]     |
[INFO] [stdout]     = note: import resolution is stuck, try simplifying macro imports
[INFO] [stdout] 
[INFO] [stdout] 
[INFO] [stdout] error: cannot determine resolution for the attribute macro `test_case`
[INFO] [stdout]    --> src/integration_tests/mod.rs:193:3
[INFO] [stdout]     |
[INFO] [stdout] 193 | #[test_case(WasmExecutionMethod::Interpreted)]
[INFO] [stdout]     |   ^^^^^^^^^
[INFO] [stdout]     |
[INFO] [stdout]     = note: import resolution is stuck, try simplifying macro imports
[INFO] [stdout] 
[INFO] [stdout] 
[INFO] [stdout] error: cannot determine resolution for the attribute macro `test_case`
[INFO] [stdout]    --> src/integration_tests/mod.rs:227:3
[INFO] [stdout]     |
[INFO] [stdout] 227 | #[test_case(WasmExecutionMethod::Interpreted)]
[INFO] [stdout]     |   ^^^^^^^^^
[INFO] [stdout]     |
[INFO] [stdout]     = note: import resolution is stuck, try simplifying macro imports
[INFO] [stdout] 
[INFO] [stdout] 
[INFO] [stdout] error: cannot determine resolution for the attribute macro `test_case`
[INFO] [stdout]    --> src/integration_tests/mod.rs:252:3
[INFO] [stdout]     |
[INFO] [stdout] 252 | #[test_case(WasmExecutionMethod::Interpreted)]
[INFO] [stdout]     |   ^^^^^^^^^
[INFO] [stdout]     |
[INFO] [stdout]     = note: import resolution is stuck, try simplifying macro imports
[INFO] [stdout] 
[INFO] [stdout] 
[INFO] [stdout] error: cannot determine resolution for the attribute macro `test_case`
[INFO] [stdout]    --> src/integration_tests/mod.rs:277:3
[INFO] [stdout]     |
[INFO] [stdout] 277 | #[test_case(WasmExecutionMethod::Interpreted)]
[INFO] [stdout]     |   ^^^^^^^^^
[INFO] [stdout]     |
[INFO] [stdout]     = note: import resolution is stuck, try simplifying macro imports
[INFO] [stdout] 
[INFO] [stdout] 
[INFO] [stdout] error: cannot determine resolution for the macro `hex`
[INFO] [stdout]    --> src/integration_tests/mod.rs:290:3
[INFO] [stdout]     |
[INFO] [stdout] 290 |         hex!("e3b0c44298fc1c149afbf4c8996fb92427ae41e4649b934ca495991b7852b855")
[INFO] [stdout]     |         ^^^
[INFO] [stdout]     |
[INFO] [stdout]     = note: import resolution is stuck, try simplifying macro imports
[INFO] [stdout] 
[INFO] [stdout] 
[INFO] [stdout] error: cannot determine resolution for the macro `hex`
[INFO] [stdout]    --> src/integration_tests/mod.rs:302:3
[INFO] [stdout]     |
[INFO] [stdout] 302 |         hex!("c0535e4be2b79ffd93291305436bf889314e4a3faec05ecffcbb7df31ad9e51a")
[INFO] [stdout]     |         ^^^
[INFO] [stdout]     |
[INFO] [stdout]     = note: import resolution is stuck, try simplifying macro imports
[INFO] [stdout] 
[INFO] [stdout] 
[INFO] [stdout] error: cannot determine resolution for the attribute macro `test_case`
[INFO] [stdout]    --> src/integration_tests/mod.rs:308:3
[INFO] [stdout]     |
[INFO] [stdout] 308 | #[test_case(WasmExecutionMethod::Interpreted)]
[INFO] [stdout]     |   ^^^^^^^^^
[INFO] [stdout]     |
[INFO] [stdout]     = note: import resolution is stuck, try simplifying macro imports
[INFO] [stdout] 
[INFO] [stdout] 
[INFO] [stdout] error: cannot determine resolution for the macro `hex`
[INFO] [stdout]    --> src/integration_tests/mod.rs:320:3
[INFO] [stdout]     |
[INFO] [stdout] 320 |         hex!(
[INFO] [stdout]     |         ^^^
[INFO] [stdout]     |
[INFO] [stdout]     = note: import resolution is stuck, try simplifying macro imports
[INFO] [stdout] 
[INFO] [stdout] 
[INFO] [stdout] error: cannot determine resolution for the macro `hex`
[INFO] [stdout]    --> src/integration_tests/mod.rs:331:3
[INFO] [stdout]     |
[INFO] [stdout] 331 |         hex!(
[INFO] [stdout]     |         ^^^
[INFO] [stdout]     |
[INFO] [stdout]     = note: import resolution is stuck, try simplifying macro imports
[INFO] [stdout] 
[INFO] [stdout] 
[INFO] [stdout] error: cannot determine resolution for the attribute macro `test_case`
[INFO] [stdout]    --> src/integration_tests/mod.rs:337:3
[INFO] [stdout]     |
[INFO] [stdout] 337 | #[test_case(WasmExecutionMethod::Interpreted)]
[INFO] [stdout]     |   ^^^^^^^^^
[INFO] [stdout]     |
[INFO] [stdout]     = note: import resolution is stuck, try simplifying macro imports
[INFO] [stdout] 
[INFO] [stdout] 
[INFO] [stdout] error: cannot determine resolution for the macro `hex`
[INFO] [stdout]    --> src/integration_tests/mod.rs:349:3
[INFO] [stdout]     |
[INFO] [stdout] 349 |         hex!("99e9d85137db46ef4bbea33613baafd5").to_vec().encode(),
[INFO] [stdout]     |         ^^^
[INFO] [stdout]     |
[INFO] [stdout]     = note: import resolution is stuck, try simplifying macro imports
[INFO] [stdout] 
[INFO] [stdout] 
[INFO] [stdout] error: cannot determine resolution for the macro `hex`
[INFO] [stdout]    --> src/integration_tests/mod.rs:358:3
[INFO] [stdout]     |
[INFO] [stdout] 358 |         hex!("b27dfd7f223f177f2a13647b533599af").to_vec().encode(),
[INFO] [stdout]     |         ^^^
[INFO] [stdout]     |
[INFO] [stdout]     = note: import resolution is stuck, try simplifying macro imports
[INFO] [stdout] 
[INFO] [stdout] 
[INFO] [stdout] error: cannot determine resolution for the attribute macro `test_case`
[INFO] [stdout]    --> src/integration_tests/mod.rs:362:3
[INFO] [stdout]     |
[INFO] [stdout] 362 | #[test_case(WasmExecutionMethod::Interpreted)]
[INFO] [stdout]     |   ^^^^^^^^^
[INFO] [stdout]     |
[INFO] [stdout]     = note: import resolution is stuck, try simplifying macro imports
[INFO] [stdout] 
[INFO] [stdout] 
[INFO] [stdout] error: cannot determine resolution for the attribute macro `test_case`
[INFO] [stdout]    --> src/integration_tests/mod.rs:399:3
[INFO] [stdout]     |
[INFO] [stdout] 399 | #[test_case(WasmExecutionMethod::Interpreted)]
[INFO] [stdout]     |   ^^^^^^^^^
[INFO] [stdout]     |
[INFO] [stdout]     = note: import resolution is stuck, try simplifying macro imports
[INFO] [stdout] 
[INFO] [stdout] 
[INFO] [stdout] error: cannot determine resolution for the attribute macro `test_case`
[INFO] [stdout]    --> src/integration_tests/mod.rs:436:3
[INFO] [stdout]     |
[INFO] [stdout] 436 | #[test_case(WasmExecutionMethod::Interpreted)]
[INFO] [stdout]     |   ^^^^^^^^^
[INFO] [stdout]     |
[INFO] [stdout]     = note: import resolution is stuck, try simplifying macro imports
[INFO] [stdout] 
[INFO] [stdout] 
[INFO] [stdout] error: cannot determine resolution for the attribute macro `test_case`
[INFO] [stdout]    --> src/integration_tests/mod.rs:452:3
[INFO] [stdout]     |
[INFO] [stdout] 452 | #[test_case(WasmExecutionMethod::Interpreted)]
[INFO] [stdout]     |   ^^^^^^^^^
[INFO] [stdout]     |
[INFO] [stdout]     = note: import resolution is stuck, try simplifying macro imports
[INFO] [stdout] 
[INFO] [stdout] 
[INFO] [stdout] error: cannot determine resolution for the attribute macro `test_case`
[INFO] [stdout]    --> src/integration_tests/mod.rs:474:3
[INFO] [stdout]     |
[INFO] [stdout] 474 | #[test_case(WasmExecutionMethod::Interpreted)]
[INFO] [stdout]     |   ^^^^^^^^^
[INFO] [stdout]     |
[INFO] [stdout]     = note: import resolution is stuck, try simplifying macro imports
[INFO] [stdout] 
[INFO] [stdout] 
[INFO] [stdout] error: cannot determine resolution for the attribute macro `test_case`
[INFO] [stdout]    --> src/integration_tests/mod.rs:494:3
[INFO] [stdout]     |
[INFO] [stdout] 494 | #[test_case(WasmExecutionMethod::Interpreted)]
[INFO] [stdout]     |   ^^^^^^^^^
[INFO] [stdout]     |
[INFO] [stdout]     = note: import resolution is stuck, try simplifying macro imports
[INFO] [stdout] 
[INFO] [stdout] 
[INFO] [stdout] error: cannot determine resolution for the attribute macro `test_case`
[INFO] [stdout]    --> src/integration_tests/mod.rs:523:3
[INFO] [stdout]     |
[INFO] [stdout] 523 | #[test_case(WasmExecutionMethod::Interpreted)]
[INFO] [stdout]     |   ^^^^^^^^^
[INFO] [stdout]     |
[INFO] [stdout]     = note: import resolution is stuck, try simplifying macro imports
[INFO] [stdout] 
[INFO] [stdout] 
[INFO] [stdout] error: cannot determine resolution for the attribute macro `test_case`
[INFO] [stdout]    --> src/integration_tests/mod.rs:545:3
[INFO] [stdout]     |
[INFO] [stdout] 545 | #[test_case(WasmExecutionMethod::Interpreted)]
[INFO] [stdout]     |   ^^^^^^^^^
[INFO] [stdout]     |
[INFO] [stdout]     = note: import resolution is stuck, try simplifying macro imports
[INFO] [stdout] 
[INFO] [stdout] 
[INFO] [stdout] error: cannot determine resolution for the attribute macro `test_case`
[INFO] [stdout]    --> src/integration_tests/mod.rs:571:3
[INFO] [stdout]     |
[INFO] [stdout] 571 | #[test_case(WasmExecutionMethod::Interpreted)]
[INFO] [stdout]     |   ^^^^^^^^^
[INFO] [stdout]     |
[INFO] [stdout]     = note: import resolution is stuck, try simplifying macro imports
[INFO] [stdout] 
[INFO] [stdout] 
[INFO] [stdout] error: cannot determine resolution for the attribute macro `test_case`
[INFO] [stdout]    --> src/integration_tests/mod.rs:600:3
[INFO] [stdout]     |
[INFO] [stdout] 600 | #[test_case(WasmExecutionMethod::Interpreted)]
[INFO] [stdout]     |   ^^^^^^^^^
[INFO] [stdout]     |
[INFO] [stdout]     = note: import resolution is stuck, try simplifying macro imports
[INFO] [stdout] 
[INFO] [stdout] 
[INFO] [stdout] error: cannot determine resolution for the attribute macro `test_case`
[INFO] [stdout]    --> src/integration_tests/mod.rs:624:3
[INFO] [stdout]     |
[INFO] [stdout] 624 | #[test_case(WasmExecutionMethod::Interpreted)]
[INFO] [stdout]     |   ^^^^^^^^^
[INFO] [stdout]     |
[INFO] [stdout]     = note: import resolution is stuck, try simplifying macro imports
[INFO] [stdout] 
[INFO] [stdout] 
[INFO] [stdout] error: cannot determine resolution for the macro `hex`
[INFO] [stdout]    --> src/integration_tests/mod.rs:650:6
[INFO] [stdout]     |
[INFO] [stdout] 650 |                     hex!("99e9d85137db46ef4bbea33613baafd5").to_vec().encode(),
[INFO] [stdout]     |                     ^^^
[INFO] [stdout]     |
[INFO] [stdout]     = note: import resolution is stuck, try simplifying macro imports
[INFO] [stdout] 
[INFO] [stdout] 
[INFO] [stdout] error: cannot determine resolution for the attribute macro `test_case`
[INFO] [stdout]    --> src/integration_tests/mod.rs:660:3
[INFO] [stdout]     |
[INFO] [stdout] 660 | #[test_case(WasmExecutionMethod::Interpreted)]
[INFO] [stdout]     |   ^^^^^^^^^
[INFO] [stdout]     |
[INFO] [stdout]     = note: import resolution is stuck, try simplifying macro imports
[INFO] [stdout] 
[INFO] [stdout] 
[INFO] [stdout] error[E0433]: failed to resolve: use of undeclared type or module `substrate_test_runtime`
[INFO] [stdout]    --> src/native_executor.rs:474:3
[INFO] [stdout]     |
[INFO] [stdout] 474 |         substrate_test_runtime::api::dispatch,
[INFO] [stdout]     |         ^^^^^^^^^^^^^^^^^^^^^^ use of undeclared type or module `substrate_test_runtime`
[INFO] [stdout] 
[INFO] [stdout] 
[INFO] [stdout] error[E0433]: failed to resolve: use of undeclared type or module `substrate_test_runtime`
[INFO] [stdout]    --> src/native_executor.rs:475:3
[INFO] [stdout]     |
[INFO] [stdout] 475 |         substrate_test_runtime::native_version,
[INFO] [stdout]     |         ^^^^^^^^^^^^^^^^^^^^^^ use of undeclared type or module `substrate_test_runtime`
[INFO] [stdout] 
[INFO] [stdout] 
[INFO] [stdout] error[E0433]: failed to resolve: use of undeclared type or module `sc_tracing`
[INFO] [stdout]    --> src/integration_tests/mod.rs:669:7
[INFO] [stdout]     |
[INFO] [stdout] 669 |     impl sc_tracing::TraceHandler for TestTraceHandler {
[INFO] [stdout]     |          ^^^^^^^^^^ use of undeclared type or module `sc_tracing`
[INFO] [stdout] 
[INFO] [stdout] 
[INFO] [stdout] error[E0433]: failed to resolve: use of undeclared type or module `sc_tracing`
[INFO] [stdout]    --> src/integration_tests/mod.rs:681:24
[INFO] [stdout]     |
[INFO] [stdout] 681 |     let test_subscriber = sc_tracing::ProfilingSubscriber::new_with_handler(
[INFO] [stdout]     |                           ^^^^^^^^^^ use of undeclared type or module `sc_tracing`
[INFO] [stdout] 
[INFO] [stdout] 
[INFO] [stdout] error[E0433]: failed to resolve: use of undeclared type or module `tracing`
[INFO] [stdout]    --> src/integration_tests/mod.rs:684:15
[INFO] [stdout]     |
[INFO] [stdout] 684 |     let _guard = tracing::subscriber::set_default(test_subscriber);
[INFO] [stdout]     |                  ^^^^^^^ use of undeclared type or module `tracing`
[INFO] [stdout] 
[INFO] [stdout] 
[INFO] [stdout] error[E0433]: failed to resolve: use of undeclared type or module `sp_tracing`
[INFO] [stdout]    --> src/integration_tests/mod.rs:690:11
[INFO] [stdout]     |
[INFO] [stdout] 690 |     assert!(!sp_tracing::wasm_tracing_enabled());
[INFO] [stdout]     |              ^^^^^^^^^^ use of undeclared type or module `sp_tracing`
[INFO] [stdout] 
[INFO] [stdout] 
[INFO] [stdout] error[E0433]: failed to resolve: use of undeclared type or module `sp_tracing`
[INFO] [stdout]    --> src/integration_tests/mod.rs:727:2
[INFO] [stdout]     |
[INFO] [stdout] 727 |     sp_tracing::set_wasm_tracing(true);
[INFO] [stdout]     |     ^^^^^^^^^^ use of undeclared type or module `sp_tracing`
[INFO] [stdout] 
[INFO] [stdout] 
[INFO] [stdout] error[E0412]: cannot find type `BlakeTwo256` in this scope
[INFO] [stdout]   --> src/integration_tests/mod.rs:36:52
[INFO] [stdout]    |
[INFO] [stdout] 36 | pub type TestExternalities = CoreTestExternalities<BlakeTwo256, u64>;
[INFO] [stdout]    |                           -                        ^^^^^^^^^^^ not found in this scope
[INFO] [stdout]    |                           |
[INFO] [stdout]    |                           help: you might be missing a type parameter: `<BlakeTwo256>`
[INFO] [stdout] 
[INFO] [stdout] 
[INFO] [stdout] error[E0412]: cannot find type `BlakeTwo256` in this scope
[INFO] [stdout]    --> src/integration_tests/mod.rs:448:12
[INFO] [stdout]     |
[INFO] [stdout] 438 | fn ordered_trie_root_should_work(wasm_method: WasmExecutionMethod) {
[INFO] [stdout]     |                                 - help: you might be missing a type parameter: `<BlakeTwo256>`
[INFO] [stdout] ...
[INFO] [stdout] 448 |         Layout::<BlakeTwo256>::ordered_trie_root(trie_input.iter()).as_bytes().encode(),
[INFO] [stdout]     |                  ^^^^^^^^^^^ not found in this scope
[INFO] [stdout] 
[INFO] [stdout] 
[INFO] [stdout] error: aborting due to 59 previous errors
[INFO] [stdout] 
[INFO] [stdout] 
[INFO] [stdout] Some errors have detailed explanations: E0412, E0432, E0433.
[INFO] [stdout] 
[INFO] [stdout] For more information about an error, try `rustc --explain E0412`.
[INFO] [stdout] 
[INFO] [stderr] error: could not compile `sc-executor`.
[INFO] [stderr] 
[INFO] [stderr] To learn more, run the command again with --verbose.
[INFO] [stderr] warning: build failed, waiting for other jobs to finish...
[INFO] [stderr] error: build failed
[INFO] running `Command { std: "docker" "inspect" "ac59aee5cb5d8dd7bf39e9d0c52b198ee12719022ef9849798a744b8fa9fdaaf", kill_on_drop: false }`
[INFO] running `Command { std: "docker" "rm" "-f" "ac59aee5cb5d8dd7bf39e9d0c52b198ee12719022ef9849798a744b8fa9fdaaf", kill_on_drop: false }`
[INFO] [stdout] ac59aee5cb5d8dd7bf39e9d0c52b198ee12719022ef9849798a744b8fa9fdaaf
